 is the remainder when 93 is divided by s?
9
Let x = 14 - 6. What is the remainder when x is divided by 5?
3
Suppose 48 = 6*v - 4*v. Suppose 4*s - r - v = 0, -8*s + r + 31 = -3*s. Let x = 7 + -4. Calculate the remainder when s is divided by x.
1
Let y(a) = -a**2 - a - 2. Let x(v) = -5*v**2 - 3*v - 9. Let w(b) = -2*x(b) + 9*y(b). Calculate the remainder when w(5) is divided by 4.
2
Let i = 27 - 17. Let v = 1 + i. Suppose 0 = -5*j - 5*x + 150, -2*j + 14 + 56 = -3*x. Calculate the remainder when j is divided by v.
10
Let x be -5*(-3 + (-6)/(-3)). Suppose 15 = -0*t + x*t. Suppose 3*j = -0*j - t*v + 51, -5*v = 5. What is the remainder when 51 is divided by j?
15
Suppose -2*t - 4 = -w, -3*t + 10 = -t. Let j = 31 - w. Calculate the remainder when 29 is divided by j.
12
Suppose 135 = 4*l - l - 5*i, -4*l + 4*i + 180 = 0. Calculate the remainder when l is divided by 12.
9
Let t = 78 + -59. Let u = 239 - 164. Calculate the remainder when u is divided by t.
18
What is the remainder when (5 + 2 + 65)*2 is divided by 38?
30
Calculate the remainder when 87 is divided by (-6)/(-3) - (-6 + -22).
27
Suppose -5*j = g - 50, -5*j - 4*g + 49 = 14. Calculate the remainder when j is divided by 6/(-4)*(-8)/3.
3
Suppose 7*h - 628 = 3*h. What is the remainder when h is divided by 18?
13
Let c = 6 + 5. Let n = c + -7. Calculate the remainder when 14 is divided by n.
2
Let f(w) = w**3 - 4*w**2 - 6*w + 9. Suppose 2*p - 38 = -2*p + 3*a, 3*a + 16 = 2*p. What is the remainder when p is divided by f(5)?
3
Suppose 4*q - 74 = -3*y + 5*y, 86 = 4*q + 2*y. Suppose 2*a - 8 = q. What is the remainder when 26 is divided by a?
12
Suppose f + 0*f = 4. Suppose -3*z - 4 = -i, f*i - 32 = i + 4*z. Calculate the remainder when 61 is divided by i.
13
Suppose -5*v = 11 + 4. Suppose 0 = 7*w - 3*w - 56. What is the remainder when w is divided by 2*((-12)/2)/v?
2
Suppose -u - 20 = -p, -21 - 49 = -5*p - u. Let j(o) = -5*o - 41. What is the remainder when j(-17) is divided by p?
14
Suppose b + 8 = 55. What is the remainder when b is divided by 7?
5
Suppose -t + 5*x = -32, 0*t + t + 4*x - 41 = 0. Suppose -3*p - 4*r = -8*p + 99, 21 = p - 2*r. Calculate the remainder when t is divided by p.
18
Suppose 2*l + 2*l + u = 143, -4*l = 2*u - 146. Suppose 0 = -4*g, -g = -2*q - q + 27. What is the remainder when l is divided by q?
8
Let x(c) = -2 + 0*c**2 - 6*c**2 + 4*c - 3*c**3 + 2*c**3. Calculate the remainder when 56 is divided by x(-7).
18
Let m(h) = 13*h**2 + 2*h - 10. What is the remainder when m(2) is divided by 24?
22
Suppose -2*q + 275 = 3*q. What is the remainder when q is divided by 14?
13
Let o = -5 + 7. Suppose -2*b - 4*d + 0*d = 12, -41 = -4*b + 5*d. What is the remainder when b is divided by o?
0
Let w(t) = 8*t**2 - 3*t - 3. What is the remainder when w(-2) is divided by 12?
11
Suppose 32 = 3*g - 73. Suppose 2*u - 22 - 16 = 0. What is the remainder when g is divided by u?
16
Suppose -73 + 18 = -k. What is the remainder when 163 is divided by k?
53
Let t(z) = -z**3 - 5*z**2 + 4. Let b be t(-5). Suppose b*u + 24 = -16. Let h = u + 22. What is the remainder when 34 is divided by h?
10
Let g be 6/9 + 6/(-9). Suppose 2*h - 6*h = 4*w - 72, g = 5*h - w - 60. Calculate the remainder when 23 is divided by h.
10
Suppose 0*b - 4 = -5*r - 4*b, 0 = -r - 3*b - 8. Suppose -4*i = r*c - 80, -2 + 0 = -2*c. What is the remainder when 36 is divided by i?
17
Suppose 9 = -4*h - 7, -z = 3*h - 6. What is the remainder when 88 is divided by z?
16
Let k = 31 - 16. Suppose -5*x + 25 = 5*b, -2*x - 4*b = x - 14. Calculate the remainder when k is divided by x.
3
Suppose 0 = 2*p - 15 - 1. What is the remainder when 21 is divided by p?
5
Suppose 0 = x - 2*x + 111. What is the remainder when x is divided by 38?
35
Suppose 1 = -2*c + 17. Let o(g) = g**2 - 7*g - 4. Let f be o(c). Suppose f*i + 10 = -q, q - 7*i + 2*i = 35. Calculate the remainder when 29 is divided by q.
9
Let h(s) = -13*s**2 - 16*s + 17. Let q(l) = -7*l**2 - 8*l + 9. Let z(f) = 6*h(f) - 11*q(f). Calculate the remainder when 19 is divided by z(-7).
9
Let j be 48/((-9)/120*-4). Suppose -4 = -4*a + j. What is the remainder when a is divided by 15?
11
Suppose -4*w + 9*w = -75. Let i be 1/(2/(-4)) - -24. Let u = w + i. Calculate the remainder when 13 is divided by u.
6
Let x = -134 - -147. Suppose -28 = -5*g - 8. What is the remainder when x is divided by g?
1
Let a(w) = 9*w + 1 + 3*w - 2*w. Suppose 2*g = 2*l - 12, l + 3*l + 2*g - 6 = 0. Calculate the remainder when a(l) is divided by 11.
9
Let v = 71 - 54. What is the remainder when v is divided by 7?
3
Let x(l) = 10*l**3 + l**2 - 2*l + 1. Calculate the remainder when (-150)/(-4) + 8/(-16) is divided by x(1).
7
Let j = 35 + -11. Calculate the remainder when 69 is divided by j.
21
Suppose -2*z = -4, -2*m + 5*z = -16 - 14. What is the remainder when 57 is divided by m?
17
Let g(h) be the third derivative of 0 + 0*h + 7/60*h**5 - 2*h**2 + 1/12*h**4 - 1/120*h**6 - 1/3*h**3. Calculate the remainder when g(5) is divided by 20.
18
Let j = -7 - -10. Suppose -4*q = -j*q - 19. Suppose -u - 5*w + 31 = 0, w - 2 - 2 = 0. Calculate the remainder when q is divided by u.
8
Suppose -2*t - 2*t + 44 = 0. Let p be (-1)/(-4) - 92/(-16). Calculate the remainder when (-256)/(-12)*9/p is divided by t.
10
Let j = 1 + -3. Let f = -5 + 19. Let t = f - j. Calculate the remainder when t is divided by 6.
4
Let w(z) = 2*z + 4. Let p(q) = -q - 2. Let h(f) = 7*p(f) + 4*w(f). What is the remainder when h(7) is divided by 6?
3
Let j be (0 - 0 - 46) + -1. Let t = 79 + j. What is the remainder when t is divided by 17?
15
Let f(l) = -2*l**3 - 7*l**2 + 8*l - 3. Let i be f(-7). Suppose 5*u = -3*n + i, 3*u - 71 = -n + 101. What is the remainder when u is divided by 15?
13
Let h = 52 + -34. Suppose -3*r - h = f - 4*f, r - 3 = -2*f. Suppose -2*x - f*z = -20 - 3, 0 = -3*x + 5*z + 25. What is the remainder when x is divided by 3?
1
Let m be 1 - (1 - 1) - -2. Suppose 108 = 2*c + 2*t, t = -0*c - m*c + 160. What is the remainder when c is divided by 18?
17
Let c = 2 + 1. Suppose 11 - 1 = 5*x. What is the remainder when c is divided by x?
1
Let g(c) = -c**2 - 19*c - 15. Calculate the remainder when g(-7) is divided by 18.
15
Suppose 26 = 3*r - r. Calculate the remainder when 49 is divided by r.
10
Let k(t) = -t + 13. Calculate the remainder when k(-7) is divided by 3.
2
Let v(r) = r**2 - 8*r + 9. Let p be v(7). What is the remainder when (-3 + 20)*2/2 is divided by 2/p + 0 + 5?
5
Let y = 220 - 68. What is the remainder when y is divided by 5?
2
Let g = -23 - -42. Calculate the remainder when g is divided by 11.
8
Suppose 0 = -x - p + 4, -3*p = 2*x - 3. What is the remainder when x is divided by 3?
0
Suppose 2*x + 100 = 7*x. Suppose 5*m - 3*m + x = 0. What is the remainder when 25 is divided by -1 - (-1 - -2)*m?
7
What is the remainder when 24/42 + 202/14 is divided by 7?
1
Let m(r) = -r**3 - 9*r**2 - r + 3. Calculate the remainder when m(-9) is divided by 5.
2
Let r(o) = o**3 + 5*o**2 - 4*o + 7. Calculate the remainder when r(-5) is divided by 6.
3
Let h(p) = -p + 8*p**2 + p**3 + 2*p - 8 - 3*p. Suppose -20*v + 18*v = -10. What is the remainder when h(-8) is divided by v?
3
Suppose 3*u = v - 7, 3*v - 43 = -0*v - 2*u. What is the remainder when v is divided by 8?
5
Let i be ((-12)/(-10))/((-2)/(-5)). Let q = 5 + i. Calculate the remainder when q is divided by 3.
2
Calculate the remainder when -1 + (14 - (0 - 2)) is divided by 4.
3
Calculate the remainder when 104 is divided by 20*(2/(-8) - -2).
34
Suppose 2*s + 20 = 72. Calculate the remainder when 129 is divided by s.
25
Let f = 37 + -100. Let z = -2 + 18. What is the remainder when z is divided by (f/4)/(-7)*4?
7
Let i be (-3 + 7/3)*-6. Let j(a) = -a - 1. Calculate the remainder when -3 + (i + 2)*2 is divided by j(-7).
3
Let u(b) = -b**3 - 14*b**2 + 14*b - 10. What is the remainder when 9 is divided by u(-15)?
4
Let z(j) = -j**3 + 9*j**2 - 5*j + 1. What is the remainder when z(6) is divided by 27?
25
Let y be (2 + -1)/(0 + -1). Let c be 0 - (0 - -7)/y. Calculate the remainder when 182/10 + c/(-35) is divided by 10.
8
Let a = -8 + 8. Suppose -3*i + 0*i + 24 = a. Calculate the remainder when 30 is divided by i.
6
Let f be (-1)/4 + 66/8. Let k = f + -5. Suppose 7*w - 2*w = 20. Calculate the remainder when w is di